re the prime factors of 136125397?
761, 178877
What are the prime factors of 3089603286?
2, 3, 7, 11, 113, 19727
List the prime factors of 3995855826.
2, 3, 23, 28955477
What are the prime factors of 237724702?
2, 17, 6991903
What are the prime factors of 2804851624?
2, 17, 20623909
List the prime factors of 80912475.
3, 5, 7, 41, 179
List the prime factors of 22488225.
3, 5, 299843
What are the prime factors of 19539426?
2, 3, 17, 191563
List the prime factors of 170240695.
5, 149, 228511
List the prime factors of 453718380.
2, 3, 5, 479, 15787
What are the prime factors of 840850380?
2, 3, 5, 43, 108637
List the prime factors of 17949384.
2, 3, 23, 3613
What are the prime factors of 1094774863?
7, 13, 1609, 7477
List the prime factors of 1205581559.
7, 13, 19, 697271
What are the prime factors of 12999593?
127, 102359
What are the prime factors of 111378157?
11, 10125287
What are the prime factors of 346852047?
3, 115617349
What are the prime factors of 1631248971?
3, 11, 19, 359, 7247
List the prime factors of 1450157894.
2, 683, 1061609
What are the prime factors of 2022309770?
2, 5, 13, 1196633
What are the prime factors of 138200293?
7, 11, 17, 71, 1487
List the prime factors of 14150393.
73, 193841
List the prime factors of 233903514.
2, 3, 13, 23, 241, 541
What are the prime factors of 343049?
7, 7001
What are the prime factors of 44818914?
2, 3, 7, 37, 151, 191
What are the prime factors of 23490126?
2, 3, 11, 31, 43, 89
What are the prime factors of 460154982?
2, 3, 7, 1565153
What are the prime factors of 317901150?
2, 3, 5, 7, 43, 2347
What are the prime factors of 222761265?
3, 5, 67, 221653
List the prime factors of 394872537.
3, 131624179
List the prime factors of 97203928.
2, 12150491
List the prime factors of 225574708.
2, 23, 587, 4177
What are the prime factors of 26835938?
2, 13417969
What are the prime factors of 309899661?
3, 103299887
List the prime factors of 22303374.
2, 3, 743, 5003
List the prime factors of 9088535.
5, 1817707
What are the prime factors of 55765241?
7, 7966463
List the prime factors of 4424397702.
2, 3, 29, 839, 30307
What are the prime factors of 409087236?
2, 3, 857, 39779
What are the prime factors of 1482905436?
2, 3, 123575453
What are the prime factors of 124181599?
124181599
What are the prime factors of 2830574172?
2, 3, 19, 12414799
List the prime factors of 1660100755.
5, 337, 353, 2791
What are the prime factors of 167646586?
2, 23, 1303, 2797
List the prime factors of 57165201.
3, 1483, 4283
What are the prime factors of 2597387248?
2, 19, 8544037
What are the prime factors of 156780065?
5, 13, 61, 39541
What are the prime factors of 231024316?
2, 571, 101149
List the prime factors of 109679300.
2, 5, 1096793
What are the prime factors of 1074142261?
1074142261
What are the prime factors of 388748163?
3, 17, 53, 143821
List the prime factors of 190096714.
2, 95048357
What are the prime factors of 117641182?
2, 23, 2557417
What are the prime factors of 102606140?
2, 5, 7, 13, 56377
What are the prime factors of 623358981?
3, 7, 9894587
What are the prime factors of 165028194?
2, 3, 9168233
What are the prime factors of 61797668?
2, 47, 191, 1721
List the prime factors of 142714300.
2, 5, 1427143
What are the prime factors of 1690967775?
3, 5, 7, 67, 48073
What are the prime factors of 3096841585?
5, 13147, 47111
List the prime factors of 483038540.
2, 5, 4793, 5039
What are the prime factors of 470711230?
2, 5, 11, 79, 54167
What are the prime factors of 3834287880?
2, 3, 5, 31952399
List the prime factors of 70310091.
3, 23436697
What are the prime factors of 2172062889?
3, 89, 1193, 2273
List the prime factors of 224812384.
2, 7025387
List the prime factors of 551151208.
2, 23, 83, 151, 239
What are the prime factors of 479472810?
2, 3, 5, 61, 262007
List the prime factors of 51803558.
2, 109, 237631
List the prime factors of 3325174013.
7, 19501, 24359
List the prime factors of 953586275.
5, 43, 887057
List the prime factors of 54035753.
19, 2843987
What are the prime factors of 59807108?
2, 53, 79, 3571
List the prime factors of 64155911.
64155911
List the prime factors of 311580496.
2, 19473781
What are the prime factors of 1325674074?
2, 3, 41, 5388919
List the prime factors of 1594037816.
2, 7, 23, 7687
What are the prime factors of 1445088739?
1445088739
What are the prime factors of 1612731?
3, 419, 1283
What are the prime factors of 133401311?
23, 5800057
List the prime factors of 2017684514.
2, 1008842257
What are the prime factors of 1319562?
2, 3, 73309
List the prime factors of 22628612.
2, 5657153
What are the prime factors of 4263540501?
3, 11, 129198197
List the prime factors of 1187970672.
2, 3, 7, 3535627
What are the prime factors of 3382903869?
3, 43, 26224061
List the prime factors of 76468001.
76468001
What are the prime factors of 34041367?
1811, 18797
List the prime factors of 8562398.
2, 13, 509, 647
List the prime factors of 2640895995.
3, 5, 23, 7654771
List the prime factors of 56372973.
3, 31, 53, 11437
List the prime factors of 125329054.
2, 19, 359, 9187
List the prime factors of 841898458.
2, 420949229
List the prime factors of 64133698.
2, 32066849
What are the prime factors of 305242173?
3, 1193, 28429
List the prime factors of 247291039.
89, 151, 18401
What are the prime factors of 2893294679?
11, 1907, 137927
List the prime factors of 33024341.
7, 2017, 2339
List the prime factors of 21683303.
3499, 6197
What are the prime factors of 55254018?
2, 3, 137, 67219
What are the prime factors of 1426886?
2, 283, 2521
What are the prime factors of 2280225676?
2, 570056419
List the prime factors of 19395856.
2, 1212241
List the prime factors of 192653921.
61, 137, 23053
What are the prime factors of 61914215?
5, 11, 1125713
List the prime factors of 220430135.
5, 44086027
What are the prime factors of 394148818?
2, 7, 31, 127, 7151
What are the prime factors of 5952377242?
2, 7, 359, 1184317
List the prime factors of 387089513.
107, 3617659
List the prime factors of 44691946.
2, 13, 17, 101113
List the prime factors of 295046432.
2, 109, 84589
What are the prime factors of 47502817?
503, 94439
List the prime factors of 1613149747.
11, 8677, 16901
What are the prime factors of 218346980?
2, 5, 17, 642197
What are the prime factors of 441869363?
13, 33989951
List the prime factors of 190072667.
23, 113, 73133
List the prime factors of 432778312.
2, 54097289
List the prime factors of 20111484.
2, 3, 41, 997
What are the prime factors of 46226554?
2, 11, 2101207
What are the prime factors of 693625450?
2, 5, 7, 1981787
List the prime factors of 128525415.
3, 5, 311, 27551
What are the prime factors of 88707042?
2, 3, 1642723
List the prime factors of 377853897.
3, 97, 1298467
What are the prime factors of 1757889713?
73, 653, 36877
List the prime factors of 239711673.
3, 79903891
List the prime factors of 626586195.
3, 5, 59, 708007
What are the prime factors of 34170482?
2, 89, 191969
What are the prime factors of 4772441304?
2, 3, 23, 89, 32381
List the prime factors of 46843193.
263, 277, 643
What are the prime factors of 1588929509?
1588929509
List the prime factors of 5382594469.
7, 768942067
What are the prime factors of 4115427174?
2, 3, 479, 477317
List the prime factors of 2335844662.
2, 7121, 164011
List the prime factors of 99817488.
2, 3, 19, 12161
What are the prime factors of 36585984?
2, 3, 23819
List the prime factors of 2785140.
2, 3, 5, 15473
What are the prime factors of 1040372252?
2, 59, 271, 16267
List the prime factors of 8144758908.
2, 3, 11, 13, 181, 8741
List the prime factors of 80070332.
2, 19, 1053557
What are the prime factors of 75195980?
2, 5, 3759799
List the prime factors of 63703348.
2, 881, 18077
List the prime factors of 15202219.
577, 26347
What are the prime factors of 34825110?
2, 3, 5, 1160837
What are the prime factors of 1165422241?
1165422241
What are the prime factors of 2943352879?
2943352879
What are the prime factors of 1250145825?
3, 5, 37, 450503
List the prime factors of 229925155.
5, 79, 709, 821
List the prime factors of 339818211.
3, 19, 1987241
List the prime factors of 102760885.
5, 20552177
What are the prime factors of 57446101?
19, 3023479
What are the prime factors of 395616234?
2, 3, 13, 31, 163613
W